CRAN Package Check Results for Package AdaptiveSparsity

Last updated on 2024-02-21 00:54:21 CET.

Flavor Version Tinstall Tcheck Ttotal Status Flags
r-devel-linux-x86_64-debian-clang 1.6 NOTE
r-devel-linux-x86_64-debian-gcc 1.6 22.79 52.11 74.90 NOTE
r-devel-linux-x86_64-fedora-clang 1.6 127.18 NOTE
r-devel-linux-x86_64-fedora-gcc 1.6 122.20 NOTE
r-devel-windows-x86_64 1.6 24.00 88.00 112.00 NOTE
r-patched-linux-x86_64 1.6 30.27 67.18 97.45 OK
r-release-linux-x86_64 1.6 26.01 65.80 91.81 OK
r-release-macos-arm64 1.6 39.00 OK
r-release-macos-x86_64 1.6 67.00 OK
r-release-windows-x86_64 1.6 31.00 102.00 133.00 OK
r-oldrel-macos-arm64 1.6 41.00 OK
r-oldrel-windows-x86_64 1.6 30.00 99.00 129.00 OK

Check Details

Version: 1.6
Check: Rd files
Result: NOTE checkRd: (-1) aslm-methods.Rd:11: Lost braces in \itemize; meant \describe ? checkRd: (-1) aslm-methods.Rd:12: Lost braces in \itemize; meant \describe ? checkRd: (-1) aslm-methods.Rd:13: Lost braces in \itemize; meant \describe ? Flavors: r-devel-linux-x86_64-debian-clang, r-devel-linux-x86_64-debian-gcc

Version: 1.6
Check: Rd metadata
Result: NOTE Invalid package aliases in Rd file 'aslm-package.Rd': ‘aslm-package’ ‘asggm-package’ Flavors: r-devel-linux-x86_64-debian-clang, r-devel-linux-x86_64-debian-gcc, r-devel-linux-x86_64-fedora-clang, r-devel-linux-x86_64-fedora-gcc, r-devel-windows-x86_64

Version: 1.6
Check: Rd contents
Result: NOTE Argument items with no description in Rd file 'asggm-internal.Rd': ‘ansL’ ‘kNodes’ ‘spP’ Flavors: r-devel-linux-x86_64-debian-clang, r-devel-linux-x86_64-debian-gcc, r-devel-linux-x86_64-fedora-clang, r-devel-linux-x86_64-fedora-gcc, r-devel-windows-x86_64