CRAN Package Check Results for Package AirMonitor

Last updated on 2024-03-03 01:00:36 CET.

Flavor Version Tinstall Tcheck Ttotal Status Flags
r-devel-linux-x86_64-debian-clang 0.4.0 6.17 86.30 92.47 OK
r-devel-linux-x86_64-debian-gcc 0.4.0 7.64 64.72 72.36 OK
r-devel-linux-x86_64-fedora-clang 0.4.0 121.79 NOTE
r-devel-linux-x86_64-fedora-gcc 0.4.0 129.49 NOTE
r-devel-windows-x86_64 0.4.0 9.00 106.00 115.00 OK
r-patched-linux-x86_64 0.4.0 10.54 83.43 93.97 OK
r-release-linux-x86_64 0.4.0 5.93 84.41 90.34 OK
r-release-macos-arm64 0.4.0 48.00 OK
r-release-macos-x86_64 0.4.0 117.00 OK
r-release-windows-x86_64 0.4.0 13.00 122.00 135.00 OK
r-oldrel-macos-arm64 0.4.0 48.00 OK
r-oldrel-windows-x86_64 0.4.0 13.00 109.00 122.00 OK

Check Details

Version: 0.4.0
Check: data for non-ASCII characters
Result: NOTE Note: found 1 marked UTF-8 string Flavors: r-devel-linux-x86_64-fedora-clang, r-devel-linux-x86_64-fedora-gcc