CRAN Package Check Results for Package AnimalHabitatNetwork

Last updated on 2024-05-26 22:48:55 CEST.

Flavor Version Tinstall Tcheck Ttotal Status Flags
r-devel-linux-x86_64-debian-clang 0.1.0 6.07 50.39 56.46 NOTE
r-devel-linux-x86_64-debian-gcc 0.1.0 4.16 37.77 41.93 NOTE
r-devel-linux-x86_64-fedora-clang 0.1.0 70.59 NOTE
r-devel-linux-x86_64-fedora-gcc 0.1.0 65.02 NOTE
r-devel-windows-x86_64 0.1.0 6.00 56.00 62.00 NOTE
r-patched-linux-x86_64 0.1.0 6.13 47.15 53.28 NOTE
r-release-linux-x86_64 0.1.0 4.55 50.08 54.63 NOTE
r-release-macos-arm64 0.1.0 24.00 NOTE
r-release-windows-x86_64 0.1.0 6.00 56.00 62.00 NOTE
r-oldrel-macos-arm64 0.1.0 24.00 NOTE
r-oldrel-macos-x86_64 0.1.0 36.00 NOTE
r-oldrel-windows-x86_64 0.1.0 7.00 62.00 69.00 NOTE

Check Details

Version: 0.1.0
Check: package subdirectories
Result: NOTE Problems with news in ‘NEWS.md’: No news entries found. Flavors: r-devel-linux-x86_64-debian-clang, r-devel-linux-x86_64-debian-gcc, r-devel-linux-x86_64-fedora-clang, r-devel-linux-x86_64-fedora-gcc, r-devel-windows-x86_64, r-patched-linux-x86_64, r-release-linux-x86_64, r-release-macos-arm64, r-release-windows-x86_64, r-oldrel-macos-arm64, r-oldrel-macos-x86_64, r-oldrel-windows-x86_64