CRAN Package Check Results for Package AquaBEHER

Last updated on 2024-02-23 00:59:22 CET.

Flavor Version Tinstall Tcheck Ttotal Status Flags
r-devel-linux-x86_64-debian-clang 0.1.0 NOTE
r-devel-linux-x86_64-debian-gcc 0.1.0 28.70 258.32 287.02 NOTE
r-devel-linux-x86_64-fedora-clang 0.1.0 504.99 NOTE
r-devel-linux-x86_64-fedora-gcc 0.1.0 497.61 NOTE
r-devel-windows-x86_64 0.1.0 28.00 220.00 248.00 OK
r-patched-linux-x86_64 0.1.0 33.46 340.27 373.73 OK
r-release-linux-x86_64 0.1.0 34.56 345.27 379.83 OK
r-release-macos-arm64 0.1.0 135.00 OK
r-release-macos-x86_64 0.1.0 222.00 OK
r-release-windows-x86_64 0.1.0 37.00 294.00 331.00 OK
r-oldrel-macos-arm64 0.1.0 115.00 OK
r-oldrel-windows-x86_64 0.1.0 38.00 293.00 331.00 OK

Check Details

Version: 0.1.0
Check: Rd files
Result: NOTE checkRd: (-1) calcEto.Rd:63-64: Lost braces 63 | \code{ET.Daily:} {daily estimations of reference crop evapotranspiration | ^ checkRd: (-1) calcEto.Rd:66-67: Lost braces 66 | \code{Ra.Daily:} {daily estimations of extraterristrial radiation | ^ checkRd: (-1) calcEto.Rd:69-70: Lost braces 69 | \code{Slope.Daily:} {daily estimations of slope of vapour pressure curve | ^ checkRd: (-1) calcEto.Rd:72: Lost braces; missing escapes or markup? 72 | \code{ET.type:} {type of the estimation obtained} | ^ Flavors: r-devel-linux-x86_64-debian-clang, r-devel-linux-x86_64-debian-gcc, r-devel-linux-x86_64-fedora-clang, r-devel-linux-x86_64-fedora-gcc