CRAN Package Check Results for Package ArCo

Last updated on 2024-02-21 00:54:21 CET.

Flavor Version Tinstall Tcheck Ttotal Status Flags
r-devel-linux-x86_64-debian-clang 0.3-1 NOTE
r-devel-linux-x86_64-debian-gcc 0.3-1 7.33 56.19 63.52 NOTE
r-devel-linux-x86_64-fedora-clang 0.3-1 100.28 OK
r-devel-linux-x86_64-fedora-gcc 0.3-1 98.55 OK
r-devel-windows-x86_64 0.3-1 8.00 71.00 79.00 OK
r-patched-linux-x86_64 0.3-1 8.41 72.36 80.77 OK
r-release-linux-x86_64 0.3-1 7.65 71.64 79.29 OK
r-release-macos-arm64 0.3-1 35.00 OK
r-release-macos-x86_64 0.3-1 54.00 OK
r-release-windows-x86_64 0.3-1 10.00 80.00 90.00 OK
r-oldrel-macos-arm64 0.3-1 36.00 OK
r-oldrel-windows-x86_64 0.3-1 10.00 86.00 96.00 OK

Check Details

Version: 0.3-1
Check: Rd files
Result: NOTE checkRd: (-1) estimate_t0.Rd:41: Lost braces in \itemize; meant \describe ? checkRd: (-1) estimate_t0.Rd:42: Lost braces in \itemize; meant \describe ? checkRd: (-1) estimate_t0.Rd:43: Lost braces in \itemize; meant \describe ? checkRd: (-1) fitArCo.Rd:73: Lost braces in \itemize; meant \describe ? checkRd: (-1) fitArCo.Rd:74: Lost braces in \itemize; meant \describe ? checkRd: (-1) fitArCo.Rd:75: Lost braces in \itemize; meant \describe ? Flavors: r-devel-linux-x86_64-debian-clang, r-devel-linux-x86_64-debian-gcc