CRAN Package Check Results for Package AtmChile

Last updated on 2024-03-01 00:55:13 CET.

Flavor Version Tinstall Tcheck Ttotal Status Flags
r-devel-linux-x86_64-debian-clang 1.0.1 5.43 44.24 49.67 OK
r-devel-linux-x86_64-debian-gcc 1.0.1 4.69 33.71 38.40 OK
r-devel-linux-x86_64-fedora-clang 1.0.1 62.84 NOTE
r-devel-linux-x86_64-fedora-gcc 1.0.1 58.08 NOTE
r-devel-windows-x86_64 1.0.1 7.00 59.00 66.00 OK
r-patched-linux-x86_64 1.0.1 4.67 42.55 47.22 OK
r-release-linux-x86_64 1.0.1 3.77 43.54 47.31 OK
r-release-macos-arm64 1.0.1 30.00 OK
r-release-macos-x86_64 1.0.1 41.00 OK
r-release-windows-x86_64 1.0.1 8.00 63.00 71.00 OK
r-oldrel-macos-arm64 1.0.1 40.00 NOTE
r-oldrel-windows-x86_64 1.0.1 9.00 77.00 86.00 OK

Check Details

Version: 1.0.1
Check: dependencies in R code
Result: NOTE Namespaces in Imports field not imported from: ‘DT’ ‘lubridate’ ‘openair’ ‘plotly’ All declared Imports should be used. Flavors: r-devel-linux-x86_64-fedora-clang, r-devel-linux-x86_64-fedora-gcc, r-oldrel-macos-arm64