CRAN Package Check Results for Package AutoDeskR

Last updated on 2024-02-26 16:56:17 CET.

Flavor Version Tinstall Tcheck Ttotal Status Flags
r-devel-linux-x86_64-debian-clang 0.1.3 4.91 41.98 46.89 NOTE
r-devel-linux-x86_64-debian-gcc 0.1.3 3.85 33.29 37.14 NOTE
r-devel-linux-x86_64-fedora-clang 0.1.3 58.46 NOTE
r-devel-linux-x86_64-fedora-gcc 0.1.3 69.71 NOTE
r-devel-windows-x86_64 0.1.3 6.00 57.00 63.00 NOTE
r-patched-linux-x86_64 0.1.3 4.49 41.15 45.64 NOTE
r-release-linux-x86_64 0.1.3 3.97 41.43 45.40 NOTE
r-release-macos-arm64 0.1.3 32.00 NOTE
r-release-macos-x86_64 0.1.3 44.00 NOTE
r-release-windows-x86_64 0.1.3 6.00 61.00 67.00 NOTE
r-oldrel-macos-arm64 0.1.3 24.00 NOTE
r-oldrel-windows-x86_64 0.1.3 8.00 65.00 73.00 NOTE

Check Details

Version: 0.1.3
Check: LazyData
Result: NOTE 'LazyData' is specified without a 'data' directory Flavors: r-devel-linux-x86_64-debian-clang, r-devel-linux-x86_64-debian-gcc, r-devel-linux-x86_64-fedora-clang, r-devel-linux-x86_64-fedora-gcc, r-devel-windows-x86_64, r-patched-linux-x86_64, r-release-linux-x86_64, r-release-macos-arm64, r-release-macos-x86_64, r-release-windows-x86_64, r-oldrel-macos-arm64, r-oldrel-windows-x86_64