CRAN Package Check Results for Package AzureCosmosR

Last updated on 2024-02-23 08:53:26 CET.

Flavor Version Tinstall Tcheck Ttotal Status Flags
r-devel-linux-x86_64-debian-clang 1.0.0 NOTE
r-devel-linux-x86_64-debian-gcc 1.0.0 3.39 26.35 29.74 NOTE
r-devel-linux-x86_64-fedora-clang 1.0.0 50.19 NOTE
r-devel-linux-x86_64-fedora-gcc 1.0.0 60.66 NOTE
r-devel-windows-x86_64 1.0.0 4.00 68.00 72.00 OK
r-patched-linux-x86_64 1.0.0 3.84 33.76 37.60 OK
r-release-linux-x86_64 1.0.0 2.89 33.53 36.42 OK
r-release-macos-arm64 1.0.0 24.00 OK
r-release-macos-x86_64 1.0.0 38.00 OK
r-release-windows-x86_64 1.0.0 6.00 53.00 59.00 OK
r-oldrel-macos-arm64 1.0.0 19.00 OK
r-oldrel-windows-x86_64 1.0.0 7.00 51.00 58.00 OK

Check Details

Version: 1.0.0
Check: Rd files
Result: NOTE checkRd: (-1) cosmos_mongo.Rd:21: Lost braces; missing escapes or markup? 21 | \item{host}{For \code{cosmos_mongo_endpoint}, the URL of the Cosmos DB MongoDB endpoint. Usually of the form "https://{account-name}.mongo.cosmos.azure.com:443/".} | ^ Flavors: r-devel-linux-x86_64-debian-clang, r-devel-linux-x86_64-debian-gcc, r-devel-linux-x86_64-fedora-clang, r-devel-linux-x86_64-fedora-gcc