CRAN Package Check Results for Package AzureGraph

Last updated on 2024-03-01 08:52:52 CET.

Flavor Version Tinstall Tcheck Ttotal Status Flags
r-devel-linux-x86_64-debian-clang 1.3.4 8.63 40.24 48.87 OK
r-devel-linux-x86_64-debian-gcc 1.3.4 10.12 30.67 40.79 OK
r-devel-linux-x86_64-fedora-clang 1.3.4 65.10 NOTE
r-devel-linux-x86_64-fedora-gcc 1.3.4 73.38 NOTE
r-devel-windows-x86_64 1.3.4 10.00 55.00 65.00 OK
r-patched-linux-x86_64 1.3.4 15.41 38.73 54.14 OK
r-release-linux-x86_64 1.3.4 8.26 39.34 47.60 OK
r-release-macos-arm64 1.3.4 45.00 OK
r-release-macos-x86_64 1.3.4 58.00 OK
r-release-windows-x86_64 1.3.4 14.00 59.00 73.00 OK
r-oldrel-macos-arm64 1.3.4 29.00 OK
r-oldrel-windows-x86_64 1.3.4 14.00 57.00 71.00 OK

Check Details

Version: 1.3.4
Check: dependencies in R code
Result: NOTE Namespace in Imports field not imported from: ‘curl’ All declared Imports should be used. Flavors: r-devel-linux-x86_64-fedora-clang, r-devel-linux-x86_64-fedora-gcc