Last updated on 2024-05-07 00:56:06 CEST.
Flavor | Version | Tinstall | Tcheck | Ttotal | Status | Flags |
---|---|---|---|---|---|---|
r-devel-linux-x86_64-debian-clang | 1.0.5 | 12.58 | 35.19 | 47.77 | OK | |
r-devel-linux-x86_64-debian-gcc | 1.0.5 | 8.92 | 26.52 | 35.44 | OK | |
r-devel-linux-x86_64-fedora-clang | 1.0.5 | 61.30 | NOTE | |||
r-devel-linux-x86_64-fedora-gcc | 1.0.5 | 72.93 | NOTE | |||
r-devel-windows-x86_64 | 1.0.5 | 10.00 | 52.00 | 62.00 | OK | |
r-patched-linux-x86_64 | 1.0.5 | 17.24 | 34.95 | 52.19 | OK | |
r-release-linux-x86_64 | 1.0.5 | 9.53 | 33.53 | 43.06 | OK | |
r-release-macos-arm64 | 1.0.5 | 26.00 | OK | |||
r-release-windows-x86_64 | 1.0.5 | 11.00 | 52.00 | 63.00 | OK | |
r-oldrel-macos-arm64 | 1.0.5 | 28.00 | OK | |||
r-oldrel-macos-x86_64 | 1.0.5 | 42.00 | OK | |||
r-oldrel-windows-x86_64 | 1.0.5 | 15.00 | 50.00 | 65.00 | OK |
Version: 1.0.5
Check: dependencies in R code
Result: NOTE
Namespaces in Imports field not imported from:
‘R6’ ‘jose’ ‘openssl’
All declared Imports should be used.
Flavors: r-devel-linux-x86_64-fedora-clang, r-devel-linux-x86_64-fedora-gcc