CRAN Package Check Results for Package AzureKeyVault

Last updated on 2024-02-29 08:48:47 CET.

Flavor Version Tinstall Tcheck Ttotal Status Flags
r-devel-linux-x86_64-debian-clang 1.0.5 11.96 33.40 45.36 OK
r-devel-linux-x86_64-debian-gcc 1.0.5 7.72 25.75 33.47 OK
r-devel-linux-x86_64-fedora-clang 1.0.5 56.60 NOTE
r-devel-linux-x86_64-fedora-gcc 1.0.5 66.48 NOTE
r-devel-windows-x86_64 1.0.5 10.00 51.00 61.00 OK
r-patched-linux-x86_64 1.0.5 15.28 32.73 48.01 OK
r-release-linux-x86_64 1.0.5 9.33 32.46 41.79 OK
r-release-macos-arm64 1.0.5 28.00 OK
r-release-macos-x86_64 1.0.5 42.00 OK
r-release-windows-x86_64 1.0.5 13.00 53.00 66.00 OK
r-oldrel-macos-arm64 1.0.5 22.00 NOTE
r-oldrel-windows-x86_64 1.0.5 13.00 51.00 64.00 OK

Check Details

Version: 1.0.5
Check: dependencies in R code
Result: NOTE Namespaces in Imports field not imported from: ‘R6’ ‘jose’ ‘openssl’ All declared Imports should be used. Flavors: r-devel-linux-x86_64-fedora-clang, r-devel-linux-x86_64-fedora-gcc, r-oldrel-macos-arm64