CRAN Package Check Results for Package AzureQstor

Last updated on 2024-03-03 01:00:37 CET.

Flavor Version Tinstall Tcheck Ttotal Status Flags
r-devel-linux-x86_64-debian-clang 1.0.1 3.41 29.24 32.65 OK
r-devel-linux-x86_64-debian-gcc 1.0.1 3.43 22.57 26.00 OK
r-devel-linux-x86_64-fedora-clang 1.0.1 42.79 NOTE
r-devel-linux-x86_64-fedora-gcc 1.0.1 51.86 NOTE
r-devel-windows-x86_64 1.0.1 4.00 47.00 51.00 OK
r-patched-linux-x86_64 1.0.1 10.35 28.85 39.20 OK
r-release-linux-x86_64 1.0.1 3.61 28.86 32.47 OK
r-release-macos-arm64 1.0.1 25.00 OK
r-release-macos-x86_64 1.0.1 34.00 OK
r-release-windows-x86_64 1.0.1 6.00 48.00 54.00 OK
r-oldrel-macos-arm64 1.0.1 19.00 NOTE
r-oldrel-windows-x86_64 1.0.1 5.00 49.00 54.00 OK

Check Details

Version: 1.0.1
Check: dependencies in R code
Result: NOTE Namespaces in Imports field not imported from: ‘httr’ ‘openssl’ All declared Imports should be used. Flavors: r-devel-linux-x86_64-fedora-clang, r-devel-linux-x86_64-fedora-gcc, r-oldrel-macos-arm64