CRAN Package Check Results for Package AzureVM

Last updated on 2024-02-25 08:52:55 CET.

Flavor Version Tinstall Tcheck Ttotal Status Flags
r-devel-linux-x86_64-debian-clang 2.2.2 7.97 41.18 49.15 OK
r-devel-linux-x86_64-debian-gcc 2.2.2 5.84 31.46 37.30 OK
r-devel-linux-x86_64-fedora-clang 2.2.2 61.24 OK
r-devel-linux-x86_64-fedora-gcc 2.2.2 70.57 OK
r-devel-windows-x86_64 2.2.2 7.00 57.00 64.00 OK
r-patched-linux-x86_64 2.2.2 8.61 40.93 49.54 OK
r-release-linux-x86_64 2.2.2 5.20 40.94 46.14 OK
r-release-macos-arm64 2.2.2 28.00 OK
r-release-macos-x86_64 2.2.2 43.00 NOTE
r-release-windows-x86_64 2.2.2 9.00 60.00 69.00 OK
r-oldrel-macos-arm64 2.2.2 20.00 OK
r-oldrel-windows-x86_64 2.2.2 10.00 56.00 66.00 OK

Check Details

Version: 2.2.2
Check: package dependencies
Result: NOTE Package suggested but not available for checking: ‘AzureKeyVault’ Flavor: r-release-macos-x86_64