CRAN Package Check Results for Package BBmisc

Last updated on 2024-03-01 00:55:13 CET.

Flavor Version Tinstall Tcheck Ttotal Status Flags
r-devel-linux-x86_64-debian-clang 1.13 6.92 58.20 65.12 NOTE
r-devel-linux-x86_64-debian-gcc 1.13 5.87 43.60 49.47 NOTE
r-devel-linux-x86_64-fedora-clang 1.13 79.84 NOTE
r-devel-linux-x86_64-fedora-gcc 1.13 81.23 NOTE
r-devel-windows-x86_64 1.13 10.00 90.00 100.00 OK
r-patched-linux-x86_64 1.13 8.91 55.85 64.76 OK
r-release-linux-x86_64 1.13 5.63 56.35 61.98 OK
r-release-macos-arm64 1.13 38.00 OK
r-release-macos-x86_64 1.13 49.00 OK
r-release-windows-x86_64 1.13 12.00 98.00 110.00 OK
r-oldrel-macos-arm64 1.13 35.00 OK
r-oldrel-windows-x86_64 1.13 11.00 81.00 92.00 OK

Check Details

Version: 1.13
Check: Rd files
Result: NOTE checkRd: (-1) getOperatingSystem.Rd:26: Lost braces in \itemize; meant \describe ? checkRd: (-1) getOperatingSystem.Rd:27: Lost braces in \itemize; meant \describe ? checkRd: (-1) getOperatingSystem.Rd:28: Lost braces in \itemize; meant \describe ? checkRd: (-1) getOperatingSystem.Rd:29: Lost braces in \itemize; meant \describe ? checkRd: (-1) getOperatingSystem.Rd:30: Lost braces in \itemize; meant \describe ? Flavors: r-devel-linux-x86_64-debian-clang, r-devel-linux-x86_64-debian-gcc, r-devel-linux-x86_64-fedora-clang, r-devel-linux-x86_64-fedora-gcc