CRAN Package Check Results for Package BEKKs

Last updated on 2024-02-28 08:54:22 CET.

Flavor Version Tinstall Tcheck Ttotal Status Flags
r-devel-linux-x86_64-debian-clang 1.4.4 190.22 156.25 346.47 OK
r-devel-linux-x86_64-debian-gcc 1.4.4 135.65 113.54 249.19 OK
r-devel-linux-x86_64-fedora-clang 1.4.4 438.01 OK
r-devel-linux-x86_64-fedora-gcc 1.4.4 439.80 OK
r-devel-windows-x86_64 1.4.4 130.00 143.00 273.00 OK
r-patched-linux-x86_64 1.4.4 168.05 150.90 318.95 OK
r-release-linux-x86_64 1.4.4 167.02 151.07 318.09 OK
r-release-macos-arm64 1.4.4 107.00 NOTE
r-release-macos-x86_64 1.4.4 159.00 NOTE
r-release-windows-x86_64 1.4.4 165.00 180.00 345.00 OK
r-oldrel-macos-arm64 1.4.4 96.00 NOTE
r-oldrel-windows-x86_64 1.4.4 153.00 172.00 325.00 OK

Check Details

Version: 1.4.4
Check: installed package size
Result: NOTE installed size is 14.4Mb sub-directories of 1Mb or more: libs 13.4Mb Flavors: r-release-macos-arm64, r-release-macos-x86_64, r-oldrel-macos-arm64