Last updated on 2023-11-29 09:08:32 CET.
Flavor | Version | Tinstall | Tcheck | Ttotal | Status | Flags |
---|---|---|---|---|---|---|
r-devel-linux-x86_64-debian-clang | 0.5.5 | 9.93 | 86.47 | 96.40 | OK | |
r-devel-linux-x86_64-debian-gcc | 0.5.5 | 8.25 | 62.51 | 70.76 | OK | |
r-devel-linux-x86_64-fedora-clang | 0.5.5 | 114.04 | NOTE | |||
r-devel-linux-x86_64-fedora-gcc | 0.5.5 | 109.01 | NOTE | |||
r-devel-windows-x86_64 | 0.5.5 | 10.00 | 85.00 | 95.00 | OK | |
r-patched-linux-x86_64 | 0.5.5 | 8.92 | 81.72 | 90.64 | OK | |
r-release-linux-x86_64 | 0.5.5 | 8.50 | 80.86 | 89.36 | OK | |
r-release-macos-arm64 | 0.5.5 | 95.00 | OK | |||
r-release-macos-x86_64 | 0.5.5 | 202.00 | OK | |||
r-release-windows-x86_64 | 0.5.5 | 13.00 | 99.00 | 112.00 | OK | |
r-oldrel-macos-arm64 | 0.5.5 | 132.00 | OK | |||
r-oldrel-macos-x86_64 | 0.5.5 | 171.00 | OK | |||
r-oldrel-windows-x86_64 | 0.5.5 | 12.00 | 103.00 | 115.00 | OK |
Version: 0.5.5
Check: data for non-ASCII characters
Result: NOTE
Note: found 1227 marked UTF-8 strings
Flavors: r-devel-linux-x86_64-fedora-clang, r-devel-linux-x86_64-fedora-gcc