Last updated on 2024-05-02 00:58:27 CEST.
Flavor | Version | Tinstall | Tcheck | Ttotal | Status | Flags |
---|---|---|---|---|---|---|
r-devel-linux-x86_64-debian-clang | 3.6-6 | 182.51 | 162.49 | 345.00 | OK | |
r-devel-linux-x86_64-debian-gcc | 3.6-6 | 142.22 | 116.60 | 258.82 | OK | |
r-devel-linux-x86_64-fedora-clang | 3.6-6 | 472.01 | OK | |||
r-devel-linux-x86_64-fedora-gcc | 3.6-6 | 463.65 | OK | |||
r-devel-windows-x86_64 | 3.6-6 | 119.00 | 170.00 | 289.00 | OK | |
r-patched-linux-x86_64 | 3.5-19 | 180.05 | 154.87 | 334.92 | OK | |
r-release-linux-x86_64 | 3.6-6 | 159.03 | 149.09 | 308.12 | OK | |
r-release-macos-arm64 | 3.6-6 | 64.00 | NOTE | |||
r-release-macos-x86_64 | 3.6-6 | 81.00 | NOTE | |||
r-release-windows-x86_64 | 3.6-6 | 124.00 | 171.00 | 295.00 | OK | |
r-oldrel-macos-arm64 | 3.6-6 | 70.00 | NOTE | |||
r-oldrel-macos-x86_64 | 3.6-6 | 92.00 | NOTE | |||
r-oldrel-windows-x86_64 | 3.6-6 | 140.00 | 189.00 | 329.00 | OK |
Version: 3.6-6
Check: installed package size
Result: NOTE
installed size is 9.6Mb
sub-directories of 1Mb or more:
data 1.4Mb
libs 7.7Mb
Flavors: r-release-macos-arm64, r-release-macos-x86_64, r-oldrel-macos-arm64, r-oldrel-macos-x86_64