CRAN Package Check Results for Package BKTR

Last updated on 2024-04-15 21:54:29 CEST.

Flavor Version Tinstall Tcheck Ttotal Status Flags
r-devel-linux-x86_64-debian-clang 0.1.1 22.81 108.48 131.29 OK
r-devel-linux-x86_64-debian-gcc 0.1.1 19.12 81.81 100.93 OK
r-devel-linux-x86_64-fedora-clang 0.1.1 173.61 NOTE
r-devel-linux-x86_64-fedora-gcc 0.1.1 195.99 NOTE
r-prerel-macos-arm64 0.1.1 60.00 OK
r-prerel-windows-x86_64 0.1.1 22.00 98.00 120.00 OK
r-patched-linux-x86_64 0.1.1 26.93 101.54 128.47 OK
r-release-linux-x86_64 0.1.1 16.51 100.47 116.98 OK
r-release-macos-arm64 0.1.1 57.00 OK
r-release-macos-x86_64 0.1.1 114.00 OK
r-release-windows-x86_64 0.1.1 32.00 116.00 148.00 OK
r-oldrel-macos-arm64 0.1.1 58.00 OK
r-oldrel-windows-x86_64 0.1.1 35.00 113.00 148.00 OK

Check Details

Version: 0.1.1
Check: data for non-ASCII characters
Result: NOTE Note: found 516 marked UTF-8 strings Flavors: r-devel-linux-x86_64-fedora-clang, r-devel-linux-x86_64-fedora-gcc