CRAN Package Check Results for Package BMTAR

Last updated on 2024-02-24 16:48:14 CET.

Flavor Version Tinstall Tcheck Ttotal Status Flags
r-devel-linux-x86_64-debian-clang 0.1.1 8.92 80.48 89.40 NOTE
r-devel-linux-x86_64-debian-gcc 0.1.1 8.29 59.31 67.60 NOTE
r-devel-linux-x86_64-fedora-clang 0.1.1 117.21 NOTE
r-devel-linux-x86_64-fedora-gcc 0.1.1 112.38 NOTE
r-devel-windows-x86_64 0.1.1 10.00 78.00 88.00 OK
r-patched-linux-x86_64 0.1.1 15.23 79.86 95.09 OK
r-release-linux-x86_64 0.1.1 9.34 78.37 87.71 OK
r-release-macos-arm64 0.1.1 32.00 OK
r-release-macos-x86_64 0.1.1 52.00 OK
r-release-windows-x86_64 0.1.1 13.00 94.00 107.00 OK
r-oldrel-macos-arm64 0.1.1 29.00 OK
r-oldrel-windows-x86_64 0.1.1 13.00 91.00 104.00 OK

Check Details

Version: 0.1.1
Check: Rd files
Result: NOTE checkRd: (-1) autoplot.tsregime.Rd:20: Lost braces 20 | Graph for the stochastic processes of the object \ dQuote {\ code {tsregime}} for: Output process and if they exist for: Threshold process and Covariates process. In the case that there are missing data, a red line is drawn at the indicated time. | ^ checkRd: (-1) autoplot.tsregime.Rd:20: Lost braces; missing escapes or markup? 20 | Graph for the stochastic processes of the object \ dQuote {\ code {tsregime}} for: Output process and if they exist for: Threshold process and Covariates process. In the case that there are missing data, a red line is drawn at the indicated time. | ^ Flavors: r-devel-linux-x86_64-debian-clang, r-devel-linux-x86_64-debian-gcc, r-devel-linux-x86_64-fedora-clang, r-devel-linux-x86_64-fedora-gcc