CRAN Package Check Results for Package BTSPAS

Last updated on 2024-02-29 00:55:35 CET.

Flavor Version Tinstall Tcheck Ttotal Status Flags
r-devel-linux-x86_64-debian-clang 2021.11.2 11.03 107.40 118.43 OK
r-devel-linux-x86_64-debian-gcc 2021.11.2 10.06 79.38 89.44 OK
r-devel-linux-x86_64-fedora-clang 2021.11.2 148.39 NOTE
r-devel-linux-x86_64-fedora-gcc 2021.11.2 161.25 OK
r-devel-windows-x86_64 2021.11.2 11.00 111.00 122.00 NOTE
r-patched-linux-x86_64 2021.11.2 12.55 105.11 117.66 OK
r-release-linux-x86_64 2021.11.2 13.92 106.06 119.98 OK
r-release-macos-arm64 2021.11.2 50.00 NOTE
r-release-macos-x86_64 2021.11.2 80.00 NOTE
r-release-windows-x86_64 2021.11.2 17.00 111.00 128.00 NOTE
r-oldrel-macos-arm64 2021.11.2 49.00 NOTE
r-oldrel-windows-x86_64 2021.11.2 16.00 117.00 133.00 NOTE

Check Details

Version: 2021.11.2
Check: installed package size
Result: NOTE installed size is 5.3Mb sub-directories of 1Mb or more: doc 4.9Mb Flavors: r-devel-linux-x86_64-fedora-clang, r-devel-windows-x86_64, r-release-macos-arm64, r-release-macos-x86_64, r-release-windows-x86_64, r-oldrel-macos-arm64, r-oldrel-windows-x86_64