CRAN Package Check Results for Package Bayenet

Last updated on 2024-02-29 00:55:34 CET.

Flavor Version Tinstall Tcheck Ttotal Status Flags
r-devel-linux-x86_64-debian-clang 0.1 103.01 37.70 140.71 NOTE
r-devel-linux-x86_64-debian-gcc 0.1 79.19 28.63 107.82 NOTE
r-devel-linux-x86_64-fedora-clang 0.1 210.80 NOTE
r-devel-linux-x86_64-fedora-gcc 0.1 210.42 NOTE
r-devel-windows-x86_64 0.1 79.00 70.00 149.00 OK
r-patched-linux-x86_64 0.1 104.19 37.12 141.31 OK
r-release-linux-x86_64 0.1 103.64 36.54 140.18 OK
r-release-macos-arm64 0.1 52.00 OK
r-release-macos-x86_64 0.1 65.00 OK
r-release-windows-x86_64 0.1 97.00 78.00 175.00 OK
r-oldrel-macos-arm64 0.1 53.00 OK
r-oldrel-windows-x86_64 0.1 95.00 80.00 175.00 OK

Check Details

Version: 0.1
Check: Rd files
Result: NOTE checkRd: (-1) Bayenet.Rd:51: Lost braces; missing escapes or markup? 51 | When {penalty="elastic net"} (default), the elastic net penalty is adopted. If {penalty="lasso"}, the lasso penalty is used. | ^ checkRd: (-1) Bayenet.Rd:51: Lost braces; missing escapes or markup? 51 | When {penalty="elastic net"} (default), the elastic net penalty is adopted. If {penalty="lasso"}, the lasso penalty is used. | ^ checkRd: (-1) Bayenet.Rd:53: Lost braces; missing escapes or markup? 53 | When {sparse=TRUE} (default), spike--and--slab priors are imposed to identify important main and interaction effects. If {sparse=FALSE}, Laplacian shrinkage will be used. | ^ checkRd: (-1) Bayenet.Rd:53: Lost braces; missing escapes or markup? 53 | When {sparse=TRUE} (default), spike--and--slab priors are imposed to identify important main and interaction effects. If {sparse=FALSE}, Laplacian shrinkage will be used. | ^ checkRd: (-1) Bayenet.Rd:55: Lost braces; missing escapes or markup? 55 | When {robust=TRUE} (default), the distribution of \eqn{\epsilon_{i}} is defined as a Laplace distribution with density | ^ checkRd: (-1) Bayenet.Rd:58: Lost braces; missing escapes or markup? 58 | }, (\eqn{i=1,\dots,n}), which leads to a Bayesian formulation of LAD regression. If {robust=FALSE}, \eqn{\epsilon_{i}} follows a normal distribution. | ^ Flavors: r-devel-linux-x86_64-debian-clang, r-devel-linux-x86_64-debian-gcc, r-devel-linux-x86_64-fedora-clang, r-devel-linux-x86_64-fedora-gcc