CRAN Package Check Results for Package BayesCombo

Last updated on 2024-05-30 09:56:06 CEST.

Flavor Version Tinstall Tcheck Ttotal Status Flags
r-devel-linux-x86_64-debian-clang 1.0 2.33 32.30 34.63 NOTE
r-devel-linux-x86_64-debian-gcc 1.0 1.74 24.66 26.40 NOTE
r-devel-linux-x86_64-fedora-clang 1.0 44.91 NOTE
r-devel-linux-x86_64-fedora-gcc 1.0 54.84 NOTE
r-devel-windows-x86_64 1.0 3.00 44.00 47.00 NOTE
r-patched-linux-x86_64 1.0 2.57 31.41 33.98 NOTE
r-release-linux-x86_64 1.0 2.16 31.16 33.32 NOTE
r-release-macos-arm64 1.0 23.00 NOTE
r-release-windows-x86_64 1.0 3.00 46.00 49.00 NOTE
r-oldrel-macos-arm64 1.0 23.00 NOTE
r-oldrel-macos-x86_64 1.0 34.00 NOTE
r-oldrel-windows-x86_64 1.0 3.00 48.00 51.00 NOTE

Check Details

Version: 1.0
Check: LazyData
Result: NOTE 'LazyData' is specified without a 'data' directory Flavors: r-devel-linux-x86_64-debian-clang, r-devel-linux-x86_64-debian-gcc, r-devel-linux-x86_64-fedora-clang, r-devel-linux-x86_64-fedora-gcc, r-devel-windows-x86_64, r-patched-linux-x86_64, r-release-linux-x86_64, r-release-macos-arm64, r-release-windows-x86_64, r-oldrel-macos-arm64, r-oldrel-macos-x86_64, r-oldrel-windows-x86_64