CRAN Package Check Results for Package BayesFM

Last updated on 2024-03-03 01:00:37 CET.

Flavor Version Tinstall Tcheck Ttotal Status Flags
r-devel-linux-x86_64-debian-clang 0.1.5 3.33 2.05 5.38 ERROR
r-devel-linux-x86_64-debian-gcc 0.1.5 15.52 64.28 79.80 OK
r-devel-linux-x86_64-fedora-clang 0.1.5 7.09 ERROR
r-devel-linux-x86_64-fedora-gcc 0.1.5 127.57 OK
r-devel-windows-x86_64 0.1.5 32.00 90.00 122.00 OK
r-patched-linux-x86_64 0.1.5 20.29 82.66 102.95 OK
r-release-linux-x86_64 0.1.5 20.27 83.28 103.55 OK
r-release-macos-arm64 0.1.5 52.00 OK
r-release-macos-x86_64 0.1.5 67.00 OK
r-release-windows-x86_64 0.1.5 38.00 105.00 143.00 OK
r-oldrel-macos-arm64 0.1.5 49.00 OK
r-oldrel-windows-x86_64 0.1.5 25.00 101.00 126.00 OK

Additional issues

clang17 clang17

Check Details

Version: 0.1.5
Check: whether package can be installed
Result: ERROR Installation failed. Flavors: r-devel-linux-x86_64-debian-clang, r-devel-linux-x86_64-fedora-clang