CRAN Package Check Results for Package BayesianMediationA

Last updated on 2024-02-26 00:50:40 CET.

Flavor Version Tinstall Tcheck Ttotal Status Flags
r-devel-linux-x86_64-debian-clang 1.0.1 17.30 172.34 189.64 NOTE
r-devel-linux-x86_64-debian-gcc 1.0.1 15.59 130.03 145.62 NOTE
r-devel-linux-x86_64-fedora-clang 1.0.1 249.93 NOTE
r-devel-linux-x86_64-fedora-gcc 1.0.1 255.25 NOTE
r-devel-windows-x86_64 1.0.1 16.00 159.00 175.00 OK
r-patched-linux-x86_64 1.0.1 17.73 170.25 187.98 OK
r-release-linux-x86_64 1.0.1 14.75 170.69 185.44 OK
r-release-macos-arm64 1.0.1 84.00 OK
r-release-macos-x86_64 1.0.1 141.00 OK
r-release-windows-x86_64 1.0.1 20.00 182.00 202.00 OK
r-oldrel-macos-arm64 1.0.1 67.00 OK
r-oldrel-windows-x86_64 1.0.1 21.00 183.00 204.00 OK

Check Details

Version: 1.0.1
Check: Rd files
Result: NOTE checkRd: (-1) bma.bx.cy.Rd:69: Lost braces 69 | the initial values for parameters in models. For example, inits<-function(){list(alpha=0,beta=0,c=0,var1=0.5,r=1,lamda=0.01)}. | ^ Flavors: r-devel-linux-x86_64-debian-clang, r-devel-linux-x86_64-debian-gcc, r-devel-linux-x86_64-fedora-clang, r-devel-linux-x86_64-fedora-gcc