CRAN Package Check Results for Package Benchmarking

Last updated on 2024-03-02 16:54:40 CET.

Flavor Version Tinstall Tcheck Ttotal Status Flags
r-devel-linux-x86_64-debian-clang 0.31 41.84 70.79 112.63 NOTE
r-devel-linux-x86_64-debian-gcc 0.31 29.22 52.44 81.66 NOTE
r-devel-linux-x86_64-fedora-clang 0.31 150.69 NOTE
r-devel-linux-x86_64-fedora-gcc 0.31 151.04 NOTE
r-devel-windows-x86_64 0.31 32.00 98.00 130.00 OK
r-patched-linux-x86_64 0.31 40.50 69.32 109.82 OK
r-release-linux-x86_64 0.31 34.08 69.51 103.59 OK
r-release-macos-arm64 0.31 41.00 OK
r-release-macos-x86_64 0.31 63.00 OK
r-release-windows-x86_64 0.31 37.00 109.00 146.00 OK
r-oldrel-macos-arm64 0.31 43.00 OK
r-oldrel-windows-x86_64 0.31 40.00 115.00 155.00 OK

Check Details

Version: 0.31
Check: Rd files
Result: NOTE checkRd: (-1) excess.Rd:20: Lost braces 20 | \link{dea}, \link{dea.direct}, link{sdea}, and \link{mea}. } | ^ Flavors: r-devel-linux-x86_64-debian-clang, r-devel-linux-x86_64-debian-gcc, r-devel-linux-x86_64-fedora-clang, r-devel-linux-x86_64-fedora-gcc