CRAN Package Check Results for Package BinaryDosage

Last updated on 2024-02-29 08:48:48 CET.

Flavor Version Tinstall Tcheck Ttotal Status Flags
r-devel-linux-x86_64-debian-clang 1.0.0 43.83 120.98 164.81 NOTE
r-devel-linux-x86_64-debian-gcc 1.0.0 38.78 91.45 130.23 NOTE
r-devel-linux-x86_64-fedora-clang 1.0.0 231.29 NOTE
r-devel-linux-x86_64-fedora-gcc 1.0.0 226.51 NOTE
r-devel-windows-x86_64 1.0.0 39.00 126.00 165.00 NOTE
r-patched-linux-x86_64 1.0.0 42.62 117.85 160.47 NOTE
r-release-linux-x86_64 1.0.0 47.41 120.52 167.93 NOTE
r-release-macos-arm64 1.0.0 89.00 NOTE
r-release-macos-x86_64 1.0.0 128.00 NOTE
r-release-windows-x86_64 1.0.0 50.00 153.00 203.00 NOTE
r-oldrel-macos-arm64 1.0.0 54.00 NOTE
r-oldrel-windows-x86_64 1.0.0 47.00 148.00 195.00 NOTE

Check Details

Version: 1.0.0
Check: C++ specification
Result: NOTE Specified C++11: please drop specification unless essential Flavors: r-devel-linux-x86_64-debian-clang, r-devel-linux-x86_64-debian-gcc, r-devel-linux-x86_64-fedora-clang, r-devel-linux-x86_64-fedora-gcc, r-devel-windows-x86_64, r-patched-linux-x86_64, r-release-linux-x86_64, r-release-macos-arm64, r-release-macos-x86_64, r-release-windows-x86_64

Version: 1.0.0
Check: LazyData
Result: NOTE 'LazyData' is specified without a 'data' directory Flavors: r-devel-linux-x86_64-debian-clang, r-devel-linux-x86_64-debian-gcc, r-devel-linux-x86_64-fedora-clang, r-devel-linux-x86_64-fedora-gcc, r-devel-windows-x86_64, r-patched-linux-x86_64, r-release-linux-x86_64, r-release-macos-arm64, r-release-macos-x86_64, r-release-windows-x86_64, r-oldrel-macos-arm64, r-oldrel-windows-x86_64