CRAN Package Check Results for Package Biostatistics

Last updated on 2024-02-22 16:49:11 CET.

Flavor Version Tinstall Tcheck Ttotal Status Flags
r-devel-linux-x86_64-debian-clang 1.0.4 NOTE
r-devel-linux-x86_64-debian-gcc 1.0.4 1.37 16.50 17.87 NOTE
r-devel-linux-x86_64-fedora-clang 1.0.4 31.06 NOTE
r-devel-linux-x86_64-fedora-gcc 1.0.4 42.87 NOTE
r-devel-windows-x86_64 1.0.4 4.00 40.00 44.00 NOTE
r-patched-linux-x86_64 1.0.4 3.17 20.63 23.80 NOTE
r-release-linux-x86_64 1.0.4 1.63 20.05 21.68 NOTE
r-release-macos-arm64 1.0.4 23.00 NOTE
r-release-macos-x86_64 1.0.4 32.00 NOTE
r-release-windows-x86_64 1.0.4 5.00 42.00 47.00 NOTE
r-oldrel-macos-arm64 1.0.4 18.00 NOTE
r-oldrel-windows-x86_64 1.0.4 5.00 45.00 50.00 OK

Check Details

Version: 1.0.4
Check: package subdirectories
Result: NOTE Problems with news in ‘NEWS.md’: No news entries found. Flavors: r-devel-linux-x86_64-debian-clang, r-devel-linux-x86_64-debian-gcc, r-devel-linux-x86_64-fedora-clang, r-devel-linux-x86_64-fedora-gcc, r-devel-windows-x86_64, r-patched-linux-x86_64, r-release-linux-x86_64, r-release-macos-arm64, r-release-macos-x86_64, r-release-windows-x86_64

Version: 1.0.4
Check: data for non-ASCII characters
Result: NOTE Note: found 46 marked UTF-8 strings Flavors: r-devel-linux-x86_64-fedora-clang, r-devel-linux-x86_64-fedora-gcc, r-oldrel-macos-arm64