CRAN Package Check Results for Package Bivariate.Pareto

Last updated on 2024-06-17 00:49:54 CEST.

Flavor Version Tinstall Tcheck Ttotal Status Flags
r-devel-linux-x86_64-debian-clang 1.0.3 13.84 87.77 101.61 NOTE
r-devel-linux-x86_64-debian-gcc 1.0.3 11.26 64.41 75.67 NOTE
r-devel-linux-x86_64-fedora-clang 1.0.3 124.78 NOTE
r-devel-linux-x86_64-fedora-gcc 1.0.3 118.97 NOTE
r-devel-windows-x86_64 1.0.3 12.00 73.00 85.00 NOTE
r-patched-linux-x86_64 1.0.3 15.61 82.42 98.03 NOTE
r-release-linux-x86_64 1.0.3 13.62 84.31 97.93 NOTE
r-release-macos-arm64 1.0.3 39.00 NOTE
r-release-macos-x86_64 1.0.3 55.00 NOTE
r-release-windows-x86_64 1.0.3 12.00 75.00 87.00 NOTE
r-oldrel-macos-arm64 1.0.3 37.00 NOTE
r-oldrel-macos-x86_64 1.0.3 70.00 NOTE
r-oldrel-windows-x86_64 1.0.3 16.00 90.00 106.00 NOTE

Check Details

Version: 1.0.3
Check: LazyData
Result: NOTE 'LazyData' is specified without a 'data' directory Flavors: r-devel-linux-x86_64-debian-clang, r-devel-linux-x86_64-debian-gcc, r-devel-linux-x86_64-fedora-clang, r-devel-linux-x86_64-fedora-gcc, r-devel-windows-x86_64, r-patched-linux-x86_64, r-release-linux-x86_64, r-release-macos-arm64, r-release-macos-x86_64, r-release-windows-x86_64, r-oldrel-macos-arm64, r-oldrel-macos-x86_64, r-oldrel-windows-x86_64