CRAN Package Check Results for Package Bivariate.Pareto

Last updated on 2023-09-26 01:06:16 CEST.

Flavor Version Tinstall Tcheck Ttotal Status Flags
r-devel-linux-x86_64-debian-clang 1.0.3 17.82 89.61 107.43 NOTE
r-devel-linux-x86_64-debian-gcc 1.0.3 11.65 68.28 79.93 NOTE
r-devel-linux-x86_64-fedora-clang 1.0.3 125.81 NOTE
r-devel-linux-x86_64-fedora-gcc 1.0.3 129.40 NOTE
r-devel-windows-x86_64 1.0.3 13.00 78.00 91.00 NOTE
r-patched-linux-x86_64 1.0.3 16.84 86.94 103.78 NOTE
r-release-linux-x86_64 1.0.3 14.45 88.01 102.46 NOTE
r-release-macos-arm64 1.0.3 37.00 NOTE
r-release-macos-x86_64 1.0.3 70.00 NOTE
r-release-windows-x86_64 1.0.3 17.00 92.00 109.00 NOTE
r-oldrel-macos-arm64 1.0.3 37.00 NOTE
r-oldrel-macos-x86_64 1.0.3 50.00 NOTE
r-oldrel-windows-x86_64 1.0.3 17.00 97.00 114.00 NOTE

Check Details

Version: 1.0.3
Check: LazyData
Result: NOTE
     'LazyData' is specified without a 'data' directory
Flavors: r-devel-linux-x86_64-debian-clang, r-devel-linux-x86_64-debian-gcc, r-devel-linux-x86_64-fedora-clang, r-devel-linux-x86_64-fedora-gcc, r-devel-windows-x86_64, r-patched-linux-x86_64, r-release-linux-x86_64, r-release-macos-arm64, r-release-macos-x86_64, r-release-windows-x86_64, r-oldrel-macos-arm64, r-oldrel-macos-x86_64, r-oldrel-windows-x86_64