Last updated on 2024-04-23 16:58:09 CEST.
Flavor | Version | Tinstall | Tcheck | Ttotal | Status | Flags |
---|---|---|---|---|---|---|
r-devel-linux-x86_64-debian-clang | 1.0.3 | 15.19 | 88.32 | 103.51 | NOTE | |
r-devel-linux-x86_64-debian-gcc | 1.0.3 | 12.75 | 63.32 | 76.07 | NOTE | |
r-devel-linux-x86_64-fedora-clang | 1.0.3 | 128.20 | NOTE | |||
r-devel-linux-x86_64-fedora-gcc | 1.0.3 | 122.24 | NOTE | |||
r-prerel-macos-arm64 | 1.0.3 | 39.00 | NOTE | |||
r-prerel-windows-x86_64 | 1.0.3 | 11.00 | 75.00 | 86.00 | NOTE | |
r-patched-linux-x86_64 | 1.0.3 | 11.41 | 81.55 | 92.96 | NOTE | |
r-release-linux-x86_64 | 1.0.3 | 14.19 | 84.23 | 98.42 | NOTE | |
r-release-macos-arm64 | 1.0.3 | 37.00 | NOTE | |||
r-release-macos-x86_64 | 1.0.3 | 70.00 | NOTE | |||
r-release-windows-x86_64 | 1.0.3 | 18.00 | 88.00 | 106.00 | NOTE | |
r-oldrel-macos-arm64 | 1.0.3 | 37.00 | NOTE | |||
r-oldrel-windows-x86_64 | 1.0.3 | 17.00 | 91.00 | 108.00 | NOTE |
Version: 1.0.3
Check: LazyData
Result: NOTE
'LazyData' is specified without a 'data' directory
Flavors: r-devel-linux-x86_64-debian-clang, r-devel-linux-x86_64-debian-gcc, r-devel-linux-x86_64-fedora-clang, r-devel-linux-x86_64-fedora-gcc, r-prerel-macos-arm64, r-prerel-windows-x86_64, r-patched-linux-x86_64, r-release-linux-x86_64, r-release-macos-arm64, r-release-macos-x86_64, r-release-windows-x86_64, r-oldrel-macos-arm64, r-oldrel-windows-x86_64