CRAN Package Check Results for Package CARBayesdata

Last updated on 2024-02-28 16:50:29 CET.

Flavor Version Tinstall Tcheck Ttotal Status Flags
r-devel-linux-x86_64-debian-clang 3.0 3.26 34.64 37.90 OK
r-devel-linux-x86_64-debian-gcc 3.0 2.63 26.27 28.90 OK
r-devel-linux-x86_64-fedora-clang 3.0 45.90 NOTE
r-devel-linux-x86_64-fedora-gcc 3.0 45.42 NOTE
r-devel-windows-x86_64 3.0 4.00 48.00 52.00 OK
r-patched-linux-x86_64 3.0 2.76 32.97 35.73 OK
r-release-linux-x86_64 3.0 3.24 33.28 36.52 OK
r-release-macos-arm64 3.0 19.00 OK
r-release-macos-x86_64 3.0 28.00 OK
r-release-windows-x86_64 3.0 6.00 52.00 58.00 OK
r-oldrel-macos-arm64 3.0 20.00 NOTE
r-oldrel-windows-x86_64 3.0 4.00 54.00 58.00 OK

Check Details

Version: 3.0
Check: data for non-ASCII characters
Result: NOTE Note: found 1 marked UTF-8 string Flavors: r-devel-linux-x86_64-fedora-clang, r-devel-linux-x86_64-fedora-gcc, r-oldrel-macos-arm64