CRAN Package Check Results for Package CARME

Last updated on 2024-03-02 00:53:20 CET.

Flavor Version Tinstall Tcheck Ttotal Status Flags
r-devel-linux-x86_64-debian-clang 0.1.1 190.27 167.45 357.72 NOTE
r-devel-linux-x86_64-debian-gcc 0.1.1 170.41 134.80 305.21 NOTE
r-devel-linux-x86_64-fedora-clang 0.1.1 423.75 NOTE
r-devel-linux-x86_64-fedora-gcc 0.1.1 522.64 NOTE
r-devel-windows-x86_64 0.1.1 135.00 152.00 287.00 NOTE
r-patched-linux-x86_64 0.1.1 122.48 175.60 298.08 NOTE
r-release-linux-x86_64 0.1.1 211.42 177.31 388.73 NOTE
r-release-macos-arm64 0.1.1 99.00 NOTE
r-release-macos-x86_64 0.1.1 171.00 NOTE
r-release-windows-x86_64 0.1.1 198.00 199.00 397.00 NOTE
r-oldrel-macos-arm64 0.1.1 92.00 NOTE
r-oldrel-windows-x86_64 0.1.1 158.00 175.00 333.00 NOTE

Check Details

Version: 0.1.1
Check: for GNU extensions in Makefiles
Result: NOTE GNU make is a SystemRequirements. Flavors: r-devel-linux-x86_64-debian-clang, r-devel-linux-x86_64-debian-gcc, r-devel-linux-x86_64-fedora-clang, r-devel-linux-x86_64-fedora-gcc, r-devel-windows-x86_64, r-patched-linux-x86_64, r-release-linux-x86_64, r-release-macos-arm64, r-release-macos-x86_64, r-release-windows-x86_64, r-oldrel-macos-arm64, r-oldrel-windows-x86_64

Version: 0.1.1
Check: dependencies in R code
Result: NOTE Namespace in Imports field not imported from: ‘rstantools’ All declared Imports should be used. Flavors: r-devel-linux-x86_64-fedora-clang, r-devel-linux-x86_64-fedora-gcc

Version: 0.1.1
Check: installed package size
Result: NOTE installed size is 38.3Mb sub-directories of 1Mb or more: libs 38.0Mb Flavors: r-release-macos-arm64, r-release-macos-x86_64, r-oldrel-macos-arm64