CRAN Package Check Results for Package CCMMR

Last updated on 2024-02-24 08:49:31 CET.

Flavor Version Tinstall Tcheck Ttotal Status Flags
r-devel-linux-x86_64-debian-clang 0.2 75.16 40.05 115.21 OK
r-devel-linux-x86_64-debian-gcc 0.2 54.32 31.98 86.30 OK
r-devel-linux-x86_64-fedora-clang 0.2 157.32 OK
r-devel-linux-x86_64-fedora-gcc 0.2 153.57 OK
r-devel-windows-x86_64 0.2 53.00 73.00 126.00 OK
r-patched-linux-x86_64 0.2 62.77 40.04 102.81 OK
r-release-linux-x86_64 0.2 70.13 40.89 111.02 OK
r-release-macos-arm64 0.2 52.00 NOTE
r-release-macos-x86_64 0.2 73.00 NOTE
r-release-windows-x86_64 0.2 71.00 80.00 151.00 OK
r-oldrel-macos-arm64 0.2 44.00 NOTE
r-oldrel-windows-x86_64 0.2 62.00 78.00 140.00 OK

Check Details

Version: 0.2
Check: installed package size
Result: NOTE installed size is 5.8Mb sub-directories of 1Mb or more: libs 5.7Mb Flavors: r-release-macos-arm64, r-release-macos-x86_64, r-oldrel-macos-arm64