CRAN Package Check Results for Package CIARA

Last updated on 2024-03-03 01:00:39 CET.

Flavor Version Tinstall Tcheck Ttotal Status Flags
r-devel-linux-x86_64-debian-clang 0.1.0 9.55 114.01 123.56 OK
r-devel-linux-x86_64-debian-gcc 0.1.0 6.71 85.34 92.05 OK
r-devel-linux-x86_64-fedora-clang 0.1.0 150.57 NOTE
r-devel-linux-x86_64-fedora-gcc 0.1.0 154.16 OK
r-devel-windows-x86_64 0.1.0 9.00 100.00 109.00 NOTE
r-patched-linux-x86_64 0.1.0 9.59 109.77 119.36 OK
r-release-linux-x86_64 0.1.0 6.15 110.39 116.54 OK
r-release-macos-arm64 0.1.0 57.00 NOTE
r-release-macos-x86_64 0.1.0 57.00 NOTE
r-release-windows-x86_64 0.1.0 12.00 127.00 139.00 NOTE
r-oldrel-macos-arm64 0.1.0 57.00 NOTE
r-oldrel-windows-x86_64 0.1.0 12.00 128.00 140.00 NOTE

Check Details

Version: 0.1.0
Check: installed package size
Result: NOTE installed size is 8.0Mb sub-directories of 1Mb or more: doc 5.7Mb extdata 2.1Mb Flavors: r-devel-linux-x86_64-fedora-clang, r-devel-windows-x86_64, r-release-macos-arm64, r-release-macos-x86_64, r-release-windows-x86_64, r-oldrel-macos-arm64, r-oldrel-windows-x86_64

Version: 0.1.0
Check: package dependencies
Result: NOTE Packages suggested but not available for checking: 'clustree', 'Seurat' Flavor: r-release-macos-x86_64

Version: 0.1.0
Check: re-building of vignette outputs
Result: NOTE Note: skipping ‘CIARA.Rmd’ due to unavailable dependencies: 'Seurat' Flavor: r-release-macos-x86_64