CRAN Package Check Results for Package CORElearn

Last updated on 2024-02-29 15:53:42 CET.

Flavor Version Tinstall Tcheck Ttotal Status Flags
r-devel-linux-x86_64-debian-clang 1.57.3 82.14 56.86 139.00 NOTE
r-devel-linux-x86_64-debian-gcc 1.57.3 63.07 43.29 106.36 NOTE
r-devel-linux-x86_64-fedora-clang 1.57.3 154.93 NOTE
r-devel-linux-x86_64-fedora-gcc 1.57.3 196.12 NOTE
r-devel-windows-x86_64 1.57.3 78.00 86.00 164.00 OK
r-patched-linux-x86_64 1.57.3 81.82 55.90 137.72 OK
r-release-linux-x86_64 1.57.3 83.09 55.84 138.93 OK
r-release-macos-arm64 1.57.3 51.00 OK
r-release-macos-x86_64 1.57.3 79.00 OK
r-release-windows-x86_64 1.57.3 98.00 101.00 199.00 OK
r-oldrel-macos-arm64 1.57.3 47.00 OK
r-oldrel-windows-x86_64 1.57.3 71.00 111.00 182.00 OK

Additional issues

noRemap

Check Details

Version: 1.57.3
Check: Rd files
Result: NOTE checkRd: (-1) cvGen.Rd:29: Lost braces 29 | The function code{gatherFromList} returns a list with components containing elements of the same name. | ^ Flavors: r-devel-linux-x86_64-debian-clang, r-devel-linux-x86_64-debian-gcc, r-devel-linux-x86_64-fedora-clang, r-devel-linux-x86_64-fedora-gcc