CRAN Package Check Results for Package CPAT

Last updated on 2024-02-27 16:49:13 CET.

Flavor Version Tinstall Tcheck Ttotal Status Flags
r-devel-linux-x86_64-debian-clang 0.1.0 46.10 99.31 145.41 OK
r-devel-linux-x86_64-debian-gcc 0.1.0 34.47 61.09 95.56 OK
r-devel-linux-x86_64-fedora-clang 0.1.0 188.95 NOTE
r-devel-linux-x86_64-fedora-gcc 0.1.0 163.18 NOTE
r-devel-windows-x86_64 0.1.0 34.00 121.00 155.00 OK
r-patched-linux-x86_64 0.1.0 40.73 80.51 121.24 OK
r-release-linux-x86_64 0.1.0 41.87 80.61 122.48 OK
r-release-macos-arm64 0.1.0 60.00 OK
r-release-macos-x86_64 0.1.0 90.00 OK
r-release-windows-x86_64 0.1.0 42.00 134.00 176.00 OK
r-oldrel-macos-arm64 0.1.0 49.00 NOTE
r-oldrel-windows-x86_64 0.1.0 42.00 124.00 166.00 OK

Check Details

Version: 0.1.0
Check: dependencies in R code
Result: NOTE Namespaces in Imports field not imported from: ‘Rdpack’ ‘grDevices’ All declared Imports should be used. Flavors: r-devel-linux-x86_64-fedora-clang, r-devel-linux-x86_64-fedora-gcc, r-oldrel-macos-arm64