CRAN Package Check Results for Package CSeqpat

Last updated on 2024-04-12 01:00:16 CEST.

Flavor Version Tinstall Tcheck Ttotal Status Flags
r-devel-linux-x86_64-debian-clang 0.1.2 3.74 33.21 36.95 NOTE
r-devel-linux-x86_64-debian-gcc 0.1.2 2.80 25.46 28.26 NOTE
r-devel-linux-x86_64-fedora-clang 0.1.2 43.59 NOTE
r-devel-linux-x86_64-fedora-gcc 0.1.2 43.82 NOTE
r-devel-windows-x86_64 0.1.2 4.00 45.00 49.00 NOTE
r-patched-linux-x86_64 0.1.2 3.38 32.21 35.59 NOTE
r-release-linux-x86_64 0.1.2 3.33 32.36 35.69 NOTE
r-release-macos-arm64 0.1.2 18.00 NOTE
r-release-macos-x86_64 0.1.2 24.00 NOTE
r-release-windows-x86_64 0.1.2 5.00 45.00 50.00 NOTE
r-oldrel-macos-arm64 0.1.2 19.00 NOTE
r-oldrel-windows-x86_64 0.1.2 5.00 53.00 58.00 NOTE

Check Details

Version: 0.1.2
Check: LazyData
Result: NOTE 'LazyData' is specified without a 'data' directory Flavors: r-devel-linux-x86_64-debian-clang, r-devel-linux-x86_64-debian-gcc, r-devel-linux-x86_64-fedora-clang, r-devel-linux-x86_64-fedora-gcc, r-devel-windows-x86_64, r-patched-linux-x86_64, r-release-linux-x86_64, r-release-macos-arm64, r-release-macos-x86_64, r-release-windows-x86_64, r-oldrel-macos-arm64, r-oldrel-windows-x86_64