CRAN Package Check Results for Package CVR

Last updated on 2024-03-02 00:53:22 CET.

Flavor Version Tinstall Tcheck Ttotal Status Flags
r-devel-linux-x86_64-debian-clang 0.1.1 48.82 36.79 85.61 OK
r-devel-linux-x86_64-debian-gcc 0.1.1 39.45 28.52 67.97 OK
r-devel-linux-x86_64-fedora-clang 0.1.1 121.85 OK
r-devel-linux-x86_64-fedora-gcc 0.1.1 119.75 OK
r-devel-windows-x86_64 0.1.1 38.00 72.00 110.00 OK
r-patched-linux-x86_64 0.1.1 50.74 36.41 87.15 OK
r-release-linux-x86_64 0.1.1 47.08 35.20 82.28 OK
r-release-macos-arm64 0.1.1 37.00 NOTE
r-release-macos-x86_64 0.1.1 55.00 NOTE
r-release-windows-x86_64 0.1.1 38.00 79.00 117.00 OK
r-oldrel-macos-arm64 0.1.1 40.00 NOTE
r-oldrel-windows-x86_64 0.1.1 44.00 74.00 118.00 OK

Check Details

Version: 0.1.1
Check: installed package size
Result: NOTE installed size is 5.3Mb sub-directories of 1Mb or more: libs 4.5Mb Flavors: r-release-macos-arm64, r-release-macos-x86_64, r-oldrel-macos-arm64