CRAN Package Check Results for Package CaseBasedReasoning

Last updated on 2024-03-03 01:00:39 CET.

Flavor Version Tinstall Tcheck Ttotal Status Flags
r-devel-linux-x86_64-debian-clang 0.3 99.64 138.47 238.11 NOTE
r-devel-linux-x86_64-debian-gcc 0.3 74.91 105.52 180.43 NOTE
r-devel-linux-x86_64-fedora-clang 0.3 344.12 NOTE
r-devel-linux-x86_64-fedora-gcc 0.3 326.58 NOTE
r-devel-windows-x86_64 0.3 79.00 142.00 221.00 NOTE
r-patched-linux-x86_64 0.3 72.44 135.38 207.82 NOTE
r-release-linux-x86_64 0.3 76.47 134.63 211.10 NOTE
r-release-macos-arm64 0.3 98.00 NOTE
r-release-macos-x86_64 0.3 173.00 NOTE
r-release-windows-x86_64 0.3 110.00 172.00 282.00 NOTE
r-oldrel-macos-arm64 0.3 73.00 NOTE
r-oldrel-windows-x86_64 0.3 100.00 167.00 267.00 NOTE

Additional issues

Intel

Check Details

Version: 0.3
Check: for GNU extensions in Makefiles
Result: NOTE GNU make is a SystemRequirements. Flavors: r-devel-linux-x86_64-debian-clang, r-devel-linux-x86_64-debian-gcc, r-devel-linux-x86_64-fedora-clang, r-devel-linux-x86_64-fedora-gcc, r-devel-windows-x86_64, r-patched-linux-x86_64, r-release-linux-x86_64, r-release-macos-arm64, r-release-macos-x86_64, r-release-windows-x86_64, r-oldrel-macos-arm64, r-oldrel-windows-x86_64