CRAN Package Check Results for Package CircularDDM

Last updated on 2024-03-01 00:55:15 CET.

Flavor Version Tinstall Tcheck Ttotal Status Flags
r-devel-linux-x86_64-debian-clang 0.1.0 31.46 28.58 60.04 NOTE
r-devel-linux-x86_64-debian-gcc 0.1.0 26.98 21.93 48.91 NOTE
r-devel-linux-x86_64-fedora-clang 0.1.0 94.20 NOTE
r-devel-linux-x86_64-fedora-gcc 0.1.0 86.29 NOTE
r-devel-windows-x86_64 0.1.0 28.00 66.00 94.00 NOTE
r-patched-linux-x86_64 0.1.0 33.41 27.98 61.39 NOTE
r-release-linux-x86_64 0.1.0 33.31 27.97 61.28 NOTE
r-release-macos-arm64 0.1.0 24.00 NOTE
r-release-macos-x86_64 0.1.0 43.00 NOTE
r-release-windows-x86_64 0.1.0 28.00 71.00 99.00 NOTE
r-oldrel-macos-arm64 0.1.0 24.00 NOTE
r-oldrel-windows-x86_64 0.1.0 34.00 68.00 102.00 NOTE

Check Details

Version: 0.1.0
Check: LazyData
Result: NOTE 'LazyData' is specified without a 'data' directory Flavors: r-devel-linux-x86_64-debian-clang, r-devel-linux-x86_64-debian-gcc, r-devel-linux-x86_64-fedora-clang, r-devel-linux-x86_64-fedora-gcc, r-devel-windows-x86_64, r-patched-linux-x86_64, r-release-linux-x86_64, r-release-macos-arm64, r-release-macos-x86_64, r-release-windows-x86_64, r-oldrel-macos-arm64, r-oldrel-windows-x86_64