CRAN Package Check Results for Package CircularDDM

Last updated on 2024-06-16 00:58:17 CEST.

Flavor Version Tinstall Tcheck Ttotal Status Flags
r-devel-linux-x86_64-debian-clang 0.1.0 36.14 28.65 64.79 NOTE
r-devel-linux-x86_64-debian-gcc 0.1.0 24.66 22.45 47.11 NOTE
r-devel-linux-x86_64-fedora-clang 0.1.0 91.21 NOTE
r-devel-linux-x86_64-fedora-gcc 0.1.0 90.07 NOTE
r-devel-windows-x86_64 0.1.0 28.00 64.00 92.00 NOTE
r-patched-linux-x86_64 0.1.0 32.10 28.20 60.30 NOTE
r-release-linux-x86_64 0.1.0 27.91 27.22 55.13 NOTE
r-release-macos-arm64 0.1.0 26.00 NOTE
r-release-macos-x86_64 0.1.0 37.00 NOTE
r-release-windows-x86_64 0.1.0 28.00 67.00 95.00 NOTE
r-oldrel-macos-arm64 0.1.0 24.00 NOTE
r-oldrel-macos-x86_64 0.1.0 43.00 NOTE
r-oldrel-windows-x86_64 0.1.0 34.00 72.00 106.00 NOTE

Check Details

Version: 0.1.0
Check: LazyData
Result: NOTE 'LazyData' is specified without a 'data' directory Flavors: r-devel-linux-x86_64-debian-clang, r-devel-linux-x86_64-debian-gcc, r-devel-linux-x86_64-fedora-clang, r-devel-linux-x86_64-fedora-gcc, r-devel-windows-x86_64, r-patched-linux-x86_64, r-release-linux-x86_64, r-release-macos-arm64, r-release-macos-x86_64, r-release-windows-x86_64, r-oldrel-macos-arm64, r-oldrel-macos-x86_64, r-oldrel-windows-x86_64