CRAN Package Check Results for Package ClimProjDiags

Last updated on 2024-02-26 16:56:19 CET.

Flavor Version Tinstall Tcheck Ttotal Status Flags
r-devel-linux-x86_64-debian-clang 0.3.3 6.03 48.26 54.29 OK
r-devel-linux-x86_64-debian-gcc 0.3.3 4.57 36.83 41.40 OK
r-devel-linux-x86_64-fedora-clang 0.3.3 67.41 NOTE
r-devel-linux-x86_64-fedora-gcc 0.3.3 76.76 OK
r-devel-windows-x86_64 0.3.3 6.00 65.00 71.00 OK
r-patched-linux-x86_64 0.3.3 6.77 46.05 52.82 OK
r-release-linux-x86_64 0.3.3 5.98 46.93 52.91 OK
r-release-macos-arm64 0.3.3 36.00 OK
r-release-macos-x86_64 0.3.3 58.00 OK
r-release-windows-x86_64 0.3.3 8.00 63.00 71.00 OK
r-oldrel-macos-arm64 0.3.3 30.00 OK
r-oldrel-windows-x86_64 0.3.3 9.00 65.00 74.00 OK

Check Details

Version: 0.3.3
Check: Rd cross-references
Result: NOTE Undeclared package ‘s2dv’ in Rd xrefs Flavor: r-devel-linux-x86_64-fedora-clang