CRAN Package Check Results for Package CoDiNA

Last updated on 2024-02-26 00:50:42 CET.

Flavor Version Tinstall Tcheck Ttotal Status Flags
r-devel-linux-x86_64-debian-clang 1.1.2 6.15 51.09 57.24 OK
r-devel-linux-x86_64-debian-gcc 1.1.2 5.22 37.92 43.14 OK
r-devel-linux-x86_64-fedora-clang 1.1.2 70.89 OK
r-devel-linux-x86_64-fedora-gcc 1.1.2 66.58 OK
r-devel-windows-x86_64 1.1.2 6.00 59.00 65.00 OK
r-patched-linux-x86_64 1.1.2 6.68 48.84 55.52 OK
r-release-linux-x86_64 1.1.2 6.34 47.90 54.24 OK
r-release-macos-arm64 1.1.2 25.00 OK
r-release-macos-x86_64 1.1.2 38.00 NOTE
r-release-windows-x86_64 1.1.2 9.00 66.00 75.00 OK
r-oldrel-macos-arm64 1.1.2 25.00 OK
r-oldrel-windows-x86_64 1.1.2 9.00 72.00 81.00 OK

Check Details

Version: 1.1.2
Check: package dependencies
Result: NOTE Package suggested but not available for checking: ‘wTO’ Flavor: r-release-macos-x86_64