CRAN Package Check Results for Package CoNI

Last updated on 2024-02-29 00:55:36 CET.

Flavor Version Tinstall Tcheck Ttotal Status Flags
r-devel-linux-x86_64-debian-clang 0.1.0 36.16 358.55 394.71 NOTE
r-devel-linux-x86_64-debian-gcc 0.1.0 25.90 263.79 289.69 NOTE
r-devel-linux-x86_64-fedora-clang 0.1.0 498.04 NOTE
r-devel-linux-x86_64-fedora-gcc 0.1.0 495.85 NOTE
r-devel-windows-x86_64 0.1.0 32.00 255.00 287.00 OK
r-patched-linux-x86_64 0.1.0 23.87 341.18 365.05 OK
r-release-linux-x86_64 0.1.0 23.65 346.37 370.02 OK
r-release-macos-arm64 0.1.0 142.00 OK
r-release-macos-x86_64 0.1.0 254.00 OK
r-release-windows-x86_64 0.1.0 40.00 342.00 382.00 OK
r-oldrel-macos-arm64 0.1.0 126.00 OK
r-oldrel-windows-x86_64 0.1.0 40.00 316.00 356.00 OK

Check Details

Version: 0.1.0
Check: Rd files
Result: NOTE checkRd: (-1) NetStats.Rd:15: Lost braces in \itemize; \value handles \item{}{} directly checkRd: (-1) NetStats.Rd:16: Lost braces in \itemize; \value handles \item{}{} directly checkRd: (-1) NetStats.Rd:17: Lost braces in \itemize; \value handles \item{}{} directly checkRd: (-1) NetStats.Rd:18: Lost braces in \itemize; \value handles \item{}{} directly checkRd: (-1) NetStats.Rd:19: Lost braces in \itemize; \value handles \item{}{} directly checkRd: (-1) NetStats.Rd:20: Lost braces in \itemize; \value handles \item{}{} directly checkRd: (-1) NetStats.Rd:21: Lost braces in \itemize; \value handles \item{}{} directly checkRd: (-1) NetStats.Rd:22: Lost braces in \itemize; \value handles \item{}{} directly checkRd: (-1) NetStats.Rd:23: Lost braces in \itemize; \value handles \item{}{} directly checkRd: (-1) generate_network.Rd:35: Lost braces in \itemize; \value handles \item{}{} directly checkRd: (-1) generate_network.Rd:36: Lost braces in \itemize; \value handles \item{}{} directly checkRd: (-1) generate_network.Rd:37: Lost braces in \itemize; \value handles \item{}{} directly checkRd: (-1) generate_network.Rd:38: Lost braces in \itemize; \value handles \item{}{} directly checkRd: (-1) generate_network.Rd:39: Lost braces in \itemize; \value handles \item{}{} directly checkRd: (-1) generate_network.Rd:40: Lost braces in \itemize; \value handles \item{}{} directly checkRd: (-1) generate_network.Rd:41: Lost braces in \itemize; \value handles \item{}{} directly checkRd: (-1) generate_network.Rd:42: Lost braces in \itemize; \value handles \item{}{} directly checkRd: (-1) generate_network.Rd:43: Lost braces in \itemize; \value handles \item{}{} directly Flavors: r-devel-linux-x86_64-debian-clang, r-devel-linux-x86_64-debian-gcc, r-devel-linux-x86_64-fedora-clang, r-devel-linux-x86_64-fedora-gcc