CRAN Package Check Results for Package CombinS

Last updated on 2024-02-25 16:51:37 CET.

Flavor Version Tinstall Tcheck Ttotal Status Flags
r-devel-linux-x86_64-debian-clang 1.1-1 2.68 25.76 28.44 NOTE
r-devel-linux-x86_64-debian-gcc 1.1-1 2.01 19.93 21.94 NOTE
r-devel-linux-x86_64-fedora-clang 1.1-1 36.86 NOTE
r-devel-linux-x86_64-fedora-gcc 1.1-1 33.60 NOTE
r-devel-windows-x86_64 1.1-1 3.00 46.00 49.00 NOTE
r-patched-linux-x86_64 1.1-1 2.85 25.52 28.37 NOTE
r-release-linux-x86_64 1.1-1 2.40 25.15 27.55 NOTE
r-release-macos-arm64 1.1-1 16.00 NOTE
r-release-macos-x86_64 1.1-1 23.00 NOTE
r-release-windows-x86_64 1.1-1 4.00 46.00 50.00 NOTE
r-oldrel-macos-arm64 1.1-1 15.00 NOTE
r-oldrel-windows-x86_64 1.1-1 7.00 55.00 62.00 NOTE

Check Details

Version: 1.1-1
Check: LazyData
Result: NOTE 'LazyData' is specified without a 'data' directory Flavors: r-devel-linux-x86_64-debian-clang, r-devel-linux-x86_64-debian-gcc, r-devel-linux-x86_64-fedora-clang, r-devel-linux-x86_64-fedora-gcc, r-devel-windows-x86_64, r-patched-linux-x86_64, r-release-linux-x86_64, r-release-macos-arm64, r-release-macos-x86_64, r-release-windows-x86_64, r-oldrel-macos-arm64, r-oldrel-windows-x86_64