CRAN Package Check Results for Package CommKern

Last updated on 2024-03-01 00:55:15 CET.

Flavor Version Tinstall Tcheck Ttotal Status Flags
r-devel-linux-x86_64-debian-clang 1.0.1 3.81 116.08 119.89 NOTE
r-devel-linux-x86_64-debian-gcc 1.0.1 3.06 92.55 95.61 NOTE
r-devel-linux-x86_64-fedora-clang 1.0.1 151.86 NOTE
r-devel-linux-x86_64-fedora-gcc 1.0.1 171.47 NOTE
r-devel-windows-x86_64 1.0.1 5.00 122.00 127.00 OK
r-patched-linux-x86_64 1.0.1 5.11 102.96 108.07 OK
r-release-linux-x86_64 1.0.1 3.91 121.33 125.24 OK
r-release-macos-arm64 1.0.1 61.00 OK
r-release-macos-x86_64 1.0.1 105.00 OK
r-release-windows-x86_64 1.0.1 7.00 150.00 157.00 OK
r-oldrel-macos-arm64 1.0.1 56.00 OK
r-oldrel-windows-x86_64 1.0.1 8.00 145.00 153.00 OK

Check Details

Version: 1.0.1
Check: Rd files
Result: NOTE checkRd: (-1) count_pairs.Rd:19-20: Lost braces in \itemize; \value handles \item{}{} directly checkRd: (-1) count_pairs.Rd:21-22: Lost braces in \itemize; \value handles \item{}{} directly checkRd: (-1) count_pairs.Rd:23-24: Lost braces in \itemize; \value handles \item{}{} directly checkRd: (-1) count_pairs.Rd:25-26: Lost braces in \itemize; \value handles \item{}{} directly checkRd: (-1) count_pairs.Rd:27-28: Lost braces in \itemize; \value handles \item{}{} directly checkRd: (-1) entropy.Rd:18: Lost braces in \itemize; \value handles \item{}{} directly checkRd: (-1) entropy.Rd:19: Lost braces in \itemize; \value handles \item{}{} directly checkRd: (-1) entropy.Rd:20: Lost braces in \itemize; \value handles \item{}{} directly checkRd: (-1) entropy.Rd:21: Lost braces in \itemize; \value handles \item{}{} directly checkRd: (-1) score_log_nonparam.Rd:36: Lost braces; missing escapes or markup? 36 | {0, 1}. | ^ checkRd: (-1) score_log_semiparam.Rd:40: Lost braces; missing escapes or markup? 40 | values in {0, 1}. | ^ checkRd: (-1) sort_pairs.Rd:18: Lost braces in \itemize; \value handles \item{}{} directly checkRd: (-1) sort_pairs.Rd:19: Lost braces in \itemize; \value handles \item{}{} directly checkRd: (-1) sort_pairs.Rd:20: Lost braces in \itemize; \value handles \item{}{} directly checkRd: (-1) sort_pairs.Rd:21: Lost braces in \itemize; \value handles \item{}{} directly checkRd: (-1) sort_pairs.Rd:22: Lost braces in \itemize; \value handles \item{}{} directly checkRd: (-1) sort_pairs.Rd:23: Lost braces in \itemize; \value handles \item{}{} directly Flavors: r-devel-linux-x86_64-debian-clang, r-devel-linux-x86_64-debian-gcc, r-devel-linux-x86_64-fedora-clang, r-devel-linux-x86_64-fedora-gcc