Last updated on 2024-05-21 00:57:05 CEST.
Flavor | Version | Tinstall | Tcheck | Ttotal | Status | Flags |
---|---|---|---|---|---|---|
r-devel-linux-x86_64-debian-clang | 0.1.0 | 18.58 | 168.46 | 187.04 | OK | |
r-devel-linux-x86_64-debian-gcc | 0.1.0 | 14.87 | 123.62 | 138.49 | OK | |
r-devel-linux-x86_64-fedora-clang | 0.1.0 | 234.91 | OK | |||
r-devel-linux-x86_64-fedora-gcc | 0.1.0 | 217.49 | OK | |||
r-devel-windows-x86_64 | 0.1.0 | 16.00 | 125.00 | 141.00 | OK | |
r-patched-linux-x86_64 | 0.1.0 | 12.75 | 161.93 | 174.68 | OK | |
r-release-linux-x86_64 | 0.1.0 | 12.51 | 160.37 | 172.88 | OK | |
r-release-macos-arm64 | 0.1.0 | 70.00 | OK | |||
r-release-windows-x86_64 | 0.1.0 | 18.00 | 124.00 | 142.00 | OK | |
r-oldrel-macos-arm64 | 0.1.0 | 64.00 | OK | |||
r-oldrel-macos-x86_64 | 0.1.0 | 177.00 | ERROR | |||
r-oldrel-windows-x86_64 | 0.1.0 | 23.00 | 147.00 | 170.00 | OK |
Version: 0.1.0
Check: examples
Result: ERROR
Running examples in ‘CompareMultipleModels-Ex.R’ failed
The error most likely occurred in:
> ### Name: best_model_finder
> ### Title: Finding the Best Model Using Eight Metrics Values
> ### Aliases: best_model_finder
>
> ### ** Examples
>
> set.seed(123) # for reproducibility
> Y <- rnorm(100, 100, 10)
> model_1 <-CEEMDANML::carigaan(Y, ratio = 0.8, n_lag = 4)
Error in optim(init[mask], armafn, method = optim.method, hessian = TRUE, :
non-finite finite-difference value [1]
Calls: <Anonymous> -> arima -> optim
Execution halted
Flavor: r-oldrel-macos-x86_64