CRAN Package Check Results for Package CooccurrenceAffinity

Last updated on 2024-02-25 16:51:38 CET.

Flavor Version Tinstall Tcheck Ttotal Status Flags
r-devel-linux-x86_64-debian-clang 1.0 7.08 70.75 77.83 NOTE
r-devel-linux-x86_64-debian-gcc 1.0 5.49 52.77 58.26 NOTE
r-devel-linux-x86_64-fedora-clang 1.0 97.21 NOTE
r-devel-linux-x86_64-fedora-gcc 1.0 95.07 NOTE
r-devel-windows-x86_64 1.0 7.00 77.00 84.00 OK
r-patched-linux-x86_64 1.0 6.26 66.63 72.89 OK
r-release-linux-x86_64 1.0 6.95 66.70 73.65 OK
r-release-macos-arm64 1.0 32.00 OK
r-release-macos-x86_64 1.0 100.00 OK
r-release-windows-x86_64 1.0 10.00 84.00 94.00 OK
r-oldrel-macos-arm64 1.0 38.00 OK
r-oldrel-windows-x86_64 1.0 10.00 86.00 96.00 OK

Check Details

Version: 1.0
Check: Rd files
Result: NOTE checkRd: (-1) CovrgPlot.Rd:28: Lost braces; missing escapes or markup? 28 | \item{plotCI}{a vector of up to 4 numbers out of the set {1,2,3,4}, corresponding to which | ^ Flavors: r-devel-linux-x86_64-debian-clang, r-devel-linux-x86_64-debian-gcc, r-devel-linux-x86_64-fedora-clang, r-devel-linux-x86_64-fedora-gcc