Last updated on 2024-04-28 08:54:45 CEST.
Flavor | Version | Tinstall | Tcheck | Ttotal | Status | Flags |
---|---|---|---|---|---|---|
r-devel-linux-x86_64-debian-clang | 1.0.0 | 10.60 | 79.56 | 90.16 | NOTE | |
r-devel-linux-x86_64-debian-gcc | 1.0.0 | 8.97 | 57.76 | 66.73 | NOTE | |
r-devel-linux-x86_64-fedora-clang | 1.0.0 | 110.12 | NOTE | |||
r-devel-linux-x86_64-fedora-gcc | 1.0.0 | 104.11 | NOTE | |||
r-devel-windows-x86_64 | 1.0.0 | 9.00 | 73.00 | 82.00 | NOTE | |
r-patched-linux-x86_64 | 1.0.0 | 10.22 | 73.45 | 83.67 | NOTE | |
r-release-linux-x86_64 | 1.0.0 | 9.81 | 76.34 | 86.15 | NOTE | |
r-release-macos-arm64 | 1.0.0 | 33.00 | NOTE | |||
r-release-windows-x86_64 | 1.0.0 | 9.00 | 72.00 | 81.00 | NOTE | |
r-oldrel-macos-arm64 | 1.0.0 | 37.00 | NOTE | |||
r-oldrel-macos-x86_64 | 1.0.0 | 56.00 | NOTE | |||
r-oldrel-windows-x86_64 | 1.0.0 | 13.00 | 85.00 | 98.00 | NOTE |
Version: 1.0.0
Check: LazyData
Result: NOTE
'LazyData' is specified without a 'data' directory
Flavors: r-devel-linux-x86_64-debian-clang, r-devel-linux-x86_64-debian-gcc, r-devel-linux-x86_64-fedora-clang, r-devel-linux-x86_64-fedora-gcc, r-devel-windows-x86_64, r-patched-linux-x86_64, r-release-linux-x86_64, r-release-macos-arm64, r-release-windows-x86_64, r-oldrel-macos-arm64, r-oldrel-macos-x86_64, r-oldrel-windows-x86_64