CRAN Package Check Results for Package CoronaNetR

Last updated on 2024-02-22 16:49:13 CET.

Flavor Version Tinstall Tcheck Ttotal Status Flags
r-devel-linux-x86_64-debian-clang 0.3.0 NOTE
r-devel-linux-x86_64-debian-gcc 0.3.0 2.24 26.26 28.50 NOTE
r-devel-linux-x86_64-fedora-clang 0.3.0 46.60 NOTE
r-devel-linux-x86_64-fedora-gcc 0.3.0 58.01 NOTE
r-devel-windows-x86_64 0.3.0 4.00 54.00 58.00 OK
r-patched-linux-x86_64 0.3.0 2.36 32.39 34.75 OK
r-release-linux-x86_64 0.3.0 1.92 32.33 34.25 OK
r-release-macos-arm64 0.3.0 34.00 OK
r-release-macos-x86_64 0.3.0 42.00 OK
r-release-windows-x86_64 0.3.0 5.00 55.00 60.00 OK
r-oldrel-macos-arm64 0.3.0 26.00 OK
r-oldrel-windows-x86_64 0.3.0 4.00 60.00 64.00 OK

Check Details

Version: 0.3.0
Check: Rd files
Result: NOTE checkRd: (-1) get_policy_scores.Rd:63: Lost braces 63 | \code{low_estimate}\\code{high_estimate} columns. The \code{SD_estimate} column has the standard deviation of the | ^ Flavors: r-devel-linux-x86_64-debian-clang, r-devel-linux-x86_64-debian-gcc, r-devel-linux-x86_64-fedora-clang, r-devel-linux-x86_64-fedora-gcc

Version: 0.3.0
Check: dependencies in R code
Result: NOTE Namespace in Imports field not imported from: ‘readr’ All declared Imports should be used. Flavors: r-devel-linux-x86_64-fedora-clang, r-devel-linux-x86_64-fedora-gcc