CRAN Package Check Results for Package CorrBin

Last updated on 2024-02-22 16:49:13 CET.

Flavor Version Tinstall Tcheck Ttotal Status Flags
r-devel-linux-x86_64-debian-clang 1.6.1 NOTE
r-devel-linux-x86_64-debian-gcc 1.6.1 7.28 93.10 100.38 NOTE
r-devel-linux-x86_64-fedora-clang 1.6.1 158.18 NOTE
r-devel-linux-x86_64-fedora-gcc 1.6.1 176.47 NOTE
r-devel-windows-x86_64 1.6.1 10.00 154.00 164.00 OK
r-patched-linux-x86_64 1.6.1 5.89 119.94 125.83 OK
r-release-linux-x86_64 1.6.1 5.60 121.11 126.71 OK
r-release-macos-arm64 1.6.1 66.00 OK
r-release-macos-x86_64 1.6.1 145.00 OK
r-release-windows-x86_64 1.6.1 13.00 178.00 191.00 OK
r-oldrel-macos-arm64 1.6.1 62.00 OK
r-oldrel-windows-x86_64 1.6.1 12.00 178.00 190.00 OK

Check Details

Version: 1.6.1
Check: Rd files
Result: NOTE checkRd: (-1) jointprobs.Rd:14: Lost braces in \itemize; meant \describe ? checkRd: (-1) jointprobs.Rd:15: Lost braces in \itemize; meant \describe ? checkRd: (-1) jointprobs.Rd:16: Lost braces in \itemize; meant \describe ? checkRd: (-1) jointprobs.Rd:21: Lost braces; missing escapes or markup? 21 | \eqn{K+1} categories the arrays will have either \eqn{K+1} or {K} dimensions, depending on whether | ^ checkRd: (-1) multinom.gen.Rd:46: Lost braces 46 | For a \emph{K}-variate multinomial, the matrix{m} should have \emph{K-1} columns | ^ Flavors: r-devel-linux-x86_64-debian-clang, r-devel-linux-x86_64-debian-gcc, r-devel-linux-x86_64-fedora-clang, r-devel-linux-x86_64-fedora-gcc