Last updated on 2024-05-07 00:56:10 CEST.
Flavor | Version | Tinstall | Tcheck | Ttotal | Status | Flags |
---|---|---|---|---|---|---|
r-devel-linux-x86_64-debian-clang | 1.1.0 | 4.80 | 37.48 | 42.28 | NOTE | |
r-devel-linux-x86_64-debian-gcc | 1.1.0 | 4.03 | 27.03 | 31.06 | NOTE | |
r-devel-linux-x86_64-fedora-clang | 1.1.0 | 53.36 | NOTE | |||
r-devel-linux-x86_64-fedora-gcc | 1.1.0 | 47.34 | NOTE | |||
r-devel-windows-x86_64 | 1.1.0 | 5.00 | 49.00 | 54.00 | NOTE | |
r-patched-linux-x86_64 | 1.1.0 | 4.94 | 35.43 | 40.37 | NOTE | |
r-release-linux-x86_64 | 1.1.0 | 5.10 | 35.58 | 40.68 | NOTE | |
r-release-macos-arm64 | 1.1.0 | 18.00 | NOTE | |||
r-release-windows-x86_64 | 1.1.0 | 5.00 | 54.00 | 59.00 | NOTE | |
r-oldrel-macos-arm64 | 1.1.0 | 20.00 | NOTE | |||
r-oldrel-macos-x86_64 | 1.1.0 | 27.00 | NOTE | |||
r-oldrel-windows-x86_64 | 1.1.0 | 5.00 | 49.00 | 54.00 | NOTE |
Version: 1.1.0
Check: LazyData
Result: NOTE
'LazyData' is specified without a 'data' directory
Flavors: r-devel-linux-x86_64-debian-clang, r-devel-linux-x86_64-debian-gcc, r-devel-linux-x86_64-fedora-clang, r-devel-linux-x86_64-fedora-gcc, r-devel-windows-x86_64, r-patched-linux-x86_64, r-release-linux-x86_64, r-release-macos-arm64, r-release-windows-x86_64, r-oldrel-macos-arm64, r-oldrel-macos-x86_64, r-oldrel-windows-x86_64