CRAN Package Check Results for Package CoxPlus

Last updated on 2024-02-25 16:51:38 CET.

Flavor Version Tinstall Tcheck Ttotal Status Flags
r-devel-linux-x86_64-debian-clang 1.1.1 50.38 30.71 81.09 NOTE
r-devel-linux-x86_64-debian-gcc 1.1.1 41.64 23.82 65.46 NOTE
r-devel-linux-x86_64-fedora-clang 1.1.1 113.24 NOTE
r-devel-linux-x86_64-fedora-gcc 1.1.1 115.85 NOTE
r-devel-windows-x86_64 1.1.1 39.00 69.00 108.00 NOTE
r-patched-linux-x86_64 1.1.1 47.02 31.15 78.17 NOTE
r-release-linux-x86_64 1.1.1 53.59 29.93 83.52 NOTE
r-release-macos-arm64 1.1.1 33.00 NOTE
r-release-macos-x86_64 1.1.1 61.00 NOTE
r-release-windows-x86_64 1.1.1 51.00 70.00 121.00 NOTE
r-oldrel-macos-arm64 1.1.1 35.00 NOTE
r-oldrel-windows-x86_64 1.1.1 46.00 78.00 124.00 NOTE

Check Details

Version: 1.1.1
Check: C++ specification
Result: NOTE Specified C++11: please drop specification unless essential Flavors: r-devel-linux-x86_64-debian-clang, r-devel-linux-x86_64-debian-gcc, r-devel-linux-x86_64-fedora-clang, r-devel-linux-x86_64-fedora-gcc, r-patched-linux-x86_64, r-release-linux-x86_64, r-release-macos-arm64, r-release-macos-x86_64

Version: 1.1.1
Check: LazyData
Result: NOTE 'LazyData' is specified without a 'data' directory Flavors: r-devel-linux-x86_64-debian-clang, r-devel-linux-x86_64-debian-gcc, r-devel-linux-x86_64-fedora-clang, r-devel-linux-x86_64-fedora-gcc, r-devel-windows-x86_64, r-patched-linux-x86_64, r-release-linux-x86_64, r-release-macos-arm64, r-release-macos-x86_64, r-release-windows-x86_64, r-oldrel-macos-arm64, r-oldrel-windows-x86_64

Version: 1.1.1
Check: compiled code
Result: NOTE File ‘CoxPlus/libs/CoxPlus.so’: Found no calls to: ‘R_registerRoutines’, ‘R_useDynamicSymbols’ It is good practice to register native routines and to disable symbol search. See ‘Writing portable packages’ in the ‘Writing R Extensions’ manual. Flavors: r-devel-linux-x86_64-fedora-clang, r-devel-linux-x86_64-fedora-gcc

Version: 1.1.1
Check: installed package size
Result: NOTE installed size is 6.9Mb sub-directories of 1Mb or more: libs 6.8Mb Flavors: r-release-macos-arm64, r-release-macos-x86_64, r-oldrel-macos-arm64