CRAN Package Check Results for Package CptNonPar

Last updated on 2024-03-02 16:54:42 CET.

Flavor Version Tinstall Tcheck Ttotal Status Flags
r-devel-linux-x86_64-debian-clang 0.1.1 22.25 48.01 70.26 NOTE
r-devel-linux-x86_64-debian-gcc 0.1.1 18.56 37.51 56.07 NOTE
r-devel-linux-x86_64-fedora-clang 0.1.1 99.40 NOTE
r-devel-linux-x86_64-fedora-gcc 0.1.1 98.42 NOTE
r-devel-windows-x86_64 0.1.1 19.00 81.00 100.00 OK
r-patched-linux-x86_64 0.1.1 24.10 47.21 71.31 OK
r-release-linux-x86_64 0.1.1 23.76 47.50 71.26 OK
r-release-macos-arm64 0.1.1 34.00 OK
r-release-macos-x86_64 0.1.1 74.00 OK
r-release-windows-x86_64 0.1.1 25.00 83.00 108.00 OK
r-oldrel-macos-arm64 0.1.1 34.00 OK
r-oldrel-windows-x86_64 0.1.1 24.00 89.00 113.00 OK

Check Details

Version: 0.1.1
Check: Rd files
Result: NOTE checkRd: (-1) multilag.cpts.merge.Rd:22-24: Lost braces in \itemize; meant \describe ? checkRd: (-1) multilag.cpts.merge.Rd:25-26: Lost braces in \itemize; meant \describe ? checkRd: (-1) np.mojo.Rd:39-40: Lost braces in \itemize; meant \describe ? checkRd: (-1) np.mojo.Rd:41-42: Lost braces in \itemize; meant \describe ? checkRd: (-1) np.mojo.Rd:43-44: Lost braces in \itemize; meant \describe ? checkRd: (-1) np.mojo.Rd:45-46: Lost braces in \itemize; meant \describe ? checkRd: (-1) np.mojo.Rd:47-48: Lost braces in \itemize; meant \describe ? checkRd: (-1) np.mojo.Rd:63: Lost braces in \itemize; meant \describe ? checkRd: (-1) np.mojo.Rd:64: Lost braces in \itemize; meant \describe ? checkRd: (-1) np.mojo.Rd:78: Lost braces in \itemize; meant \describe ? checkRd: (-1) np.mojo.Rd:79: Lost braces in \itemize; meant \describe ? checkRd: (-1) np.mojo.Rd:85: Lost braces in \itemize; meant \describe ? checkRd: (-1) np.mojo.Rd:86: Lost braces in \itemize; meant \describe ? checkRd: (-1) np.mojo.Rd:87-89: Lost braces in \itemize; meant \describe ? checkRd: (-1) np.mojo.multilag.Rd:41-42: Lost braces in \itemize; meant \describe ? checkRd: (-1) np.mojo.multilag.Rd:43-44: Lost braces in \itemize; meant \describe ? checkRd: (-1) np.mojo.multilag.Rd:45-46: Lost braces in \itemize; meant \describe ? checkRd: (-1) np.mojo.multilag.Rd:47-48: Lost braces in \itemize; meant \describe ? checkRd: (-1) np.mojo.multilag.Rd:49-50: Lost braces in \itemize; meant \describe ? checkRd: (-1) np.mojo.multilag.Rd:60: Lost braces in \itemize; meant \describe ? checkRd: (-1) np.mojo.multilag.Rd:61: Lost braces in \itemize; meant \describe ? checkRd: (-1) np.mojo.multilag.Rd:78: Lost braces in \itemize; meant \describe ? checkRd: (-1) np.mojo.multilag.Rd:79: Lost braces in \itemize; meant \describe ? checkRd: (-1) np.mojo.multilag.Rd:85: Lost braces in \itemize; meant \describe ? checkRd: (-1) np.mojo.multilag.Rd:86: Lost braces in \itemize; meant \describe ? checkRd: (-1) np.mojo.multilag.Rd:87-89: Lost braces in \itemize; meant \describe ? checkRd: (-1) np.mojo.multilag.Rd:107-109: Lost braces in \itemize; meant \describe ? checkRd: (-1) np.mojo.multilag.Rd:110-111: Lost braces in \itemize; meant \describe ? Flavors: r-devel-linux-x86_64-debian-clang, r-devel-linux-x86_64-debian-gcc, r-devel-linux-x86_64-fedora-clang, r-devel-linux-x86_64-fedora-gcc